4*a = -3*f - 14, -3*a = 3*f - 3. What are the prime factors of q(f)?
3, 7
What are the prime factors of (-510)/(-14) + (-9)/21?
2, 3
Suppose -a - 2*a = -78. List the prime factors of (-9)/6*a/(-1).
3, 13
Let i = 44 + -22. Suppose 4*j + 5*u - 37 = j, -2*j - 4*u = -i. What are the prime factors of j?
19
Suppose 2*p + 8 = 6*p. Suppose -p*h = -21 - 5. What are the prime factors of h?
13
Suppose 576 = 11*o - 8*o. List the prime factors of o.
2, 3
Suppose 0 = o - 2*r - 48, -4*o - 23 = -5*r - 215. Suppose -2*c + 0 = -o. What are the prime factors of c?
2, 3
Suppose 4*q - 86 - 454 = 0. List the prime factors of (q/(-25))/((-1)/5).
3
Let v be (-2)/3*(-18)/(-4). Let s be (-1)/((-25)/8 - v). Suppose s = 2*a - 14. What are the prime factors of a?
11
Let r(s) = 14*s + 1. Let b(l) = -l. Let w(f) = -2*b(f) - r(f). Let j(o) = -23*o - 2. Let m(q) = 3*j(q) - 5*w(q). List the prime factors of m(-1).
2
Let g(c) be the second derivative of 3*c**3/2 - c**2/2 + c. Let o be (56/42)/(2/3). List the prime factors of g(o).
17
Let i = -18 + 21. Suppose 4*t - 6 = 14. Suppose -t*p + 33 = i. List the prime factors of p.
2, 3
Let b(g) = -48*g + 1. Let j be b(-1). Suppose -j = -5*p + 11. What are the prime factors of p?
2, 3
Let l(a) = -a**2 - 2*a + 3. Let m be l(0). Suppose -45 = -m*o + 51. What are the prime factors of o?
2
Suppose 0 = -5*d - 0*d. Suppose 4*f + 0*f = d. Suppose 0 = -3*s + 3*h + 45, -h - 9 + 4 = f. List the prime factors of s.
2, 5
Let s be 2 + (1 + 1 - 1). Suppose z - 2*b = -6, 0*b + s*b = 9. Suppose m + 2*m - 27 = z. What are the prime factors of m?
3
Suppose 3 = d - 0*d. Suppose -s = -3*f - 14, -2*s - 3*s + 46 = -d*f. What are the prime factors of s?
2
Let f(p) be the first derivative of -p**4/4 - 4*p**3/3 + 5*p**2/2 - 6*p - 2. Let j be f(-5). What are the prime factors of 16/6 - j/(-9)?
2
Let n(q) = q**2 - 6*q - 23. List the prime factors of n(13).
2, 17
Let z = -14 - -10. Let x = z - -15. Suppose d + 2 = 0, v - x = 5*d + 13. List the prime factors of v.
2, 7
Let z = 3 + -1. Suppose -4*s + 10 = -z. Suppose 0 = q - 6*q + 3*d + 15, 0 = -2*q - s*d + 27. List the prime factors of q.
2, 3
Suppose -2*n - 4*t = 3*n - 13, 2*n - t = 13. Suppose 2*d - 18 = -4*d. Let i = n + d. List the prime factors of i.
2
Suppose 33 = -2*v + 5*v. Let g(q) = q**2 - 5*q. Let c be g(6). Let o = v - c. What are the prime factors of o?
5
Let m(h) = 4*h - 2. What are the prime factors of m(7)?
2, 13
Let x(f) = f**3 - 7*f**2 - 8*f + 5. Let s be x(8). Suppose s*p - 19 + 59 = 0. Let v(w) = -2*w - 6. List the prime factors of v(p).
2, 5
Let n(q) = -q**3 - q**2 + q. Let b be n(-2). What are the prime factors of b*(15 - 3) + 3?
3
Let t = 1 - 8. Let o = t - -12. Suppose o*g - 8 = 7. What are the prime factors of g?
3
Let v be 2*(-2)/8*0. Suppose -3*x - 5*a + 37 = v, -4*x + a = x - 15. What are the prime factors of x?
2
Suppose -2*k = 3*k - 20. Suppose k*g + 55 = -g. Let u = 20 + g. What are the prime factors of u?
3
Let x be 108/21 - (-3)/(-21). Let q(t) = t**2 - 4*t. List the prime factors of q(x).
5
Let z(l) = -l**3 - 2*l**2 - 4. Let j be z(-3). Suppose -j*d = -10*d + 25. Suppose -27 = -5*s - 4*m, 4*m - 24 = -d*s + m. List the prime factors of s.
3
Let v(l) = -2*l**3 - 18*l**2 - 14*l + 7. Let i(m) = -m**3 - 9*m**2 - 7*m + 4. Let t(y) = 5*i(y) - 3*v(y). What are the prime factors of t(-8)?
7
Let x = -2 - 1. Let d(c) = c**2 - 3*c - 4. What are the prime factors of d(x)?
2, 7
Let n(z) = -z**3 + 7*z**2 - 6*z + 6. What are the prime factors of n(4)?
2, 3, 5
Suppose c - 4 - 1 = 0. Let f(m) = -5 - m**3 + 3*m + 6*m**2 - 4*m - 2*m. List the prime factors of f(c).
5
Suppose -3*s + 4*f = 2*s + 5, s = -4*f + 23. Let g(v) = 2*v + 3 + 0*v - v. List the prime factors of g(s).
2, 3
Let a be 8/(-12) + (-8)/(-3). Suppose -l = 3*h - 12, a*l + 4 = -h + 33. List the prime factors of l.
3, 5
Let o = 123 - 41. Let f = o - 37. List the prime factors of f.
3, 5
Let v = 0 - -1. Suppose -3*k + v + 22 = 2*y, -2*k = -6. What are the prime factors of y?
7
Suppose -11 = -3*a + 1. Suppose a = 2*c - 0. What are the prime factors of 3/(-6)*-2 + c?
3
Suppose 0 = 2*m - 3 + 1. Let v be (-7)/(-7)*m*4. Suppose -h + 0*h - 14 = -v*p, 3*p = h + 11. List the prime factors of p.
3
Suppose 9*z - 15*z = -504. What are the prime factors of z?
2, 3, 7
Suppose 14 = 5*u - 1. Suppose -3*m - 46 = -2*q, 16 = u*m + 3*q + 37. Let v = -1 - m. What are the prime factors of v?
11
Let y be (1 + (-4 - -2))*-2. Let s be 5*y/(-4)*-2. Let r = 8 - s. What are the prime factors of r?
3
Let o be 1*2/(6/9). Suppose z = o*z - 10. Let n = z + 3. List the prime factors of n.
2
Suppose 5 - 23 = 3*a. Let r(z) = z**3 + 6*z**2. Let n be r(a). Suppose -3*m = m + 5*u - 3, -5*m - 3*u + 20 = n. List the prime factors of m.
7
Suppose -2*d + 304 = 5*q - 146, -3*q = -3*d - 270. What are the prime factors of q?
2, 3, 5
Suppose -63 + 228 = u - 2*q, -539 = -3*u - 5*q. List the prime factors of u.
173
Let b(j) = 9*j**3 - 33*j**2 - 41*j - 15. Let q(z) = -5*z**3 + 17*z**2 + 21*z + 7. Let u(p) = 6*b(p) + 11*q(p). What are the prime factors of u(-10)?
37
Suppose 4*b = -9*z + 4*z + 64, -5*z + 9 = -b. What are the prime factors of b?
11
Let s(y) = 5*y - 22. Let k be s(17). Suppose 32 = 5*h - k. List the prime factors of h.
19
Let j = -1 + 1. Let v(o) = o**2 - o - 4*o + j*o + 2*o - 5. List the prime factors of v(6).
13
Let y = -55 + 224. List the prime factors of y.
13
Let c = 8 - 6. Suppose 4*x + 53 = 3*y, c*y - x = -y + 56. What are the prime factors of y?
19
Let g = -5 + 9. Suppose -g*m = -5*m + 24. Suppose m = 4*q - 28. What are the prime factors of q?
13
Let p(q) = q**3 - 5*q**2 - 4*q - 4. Let o = 3 + 1. Let y(n) = n**3 - 3*n**2 - 4*n + 6. Let a be y(o). List the prime factors of p(a).
2
Suppose 0 = 3*o - 78 - 42. Suppose 0 = 7*d - 2*d - o. What are the prime factors of d?
2
What are the prime factors of (-19)/((3 - 4) + 4 - 4)?
19
Let g be (3 - (-321)/(-3)) + 3. Let t = g + 146. List the prime factors of t.
3, 5
Suppose 0 = 2*p - 7*p. Suppose 5*z + 14 - 54 = p. Let k = z - 6. What are the prime factors of k?
2
What are the prime factors of 7272/126 - (-2)/7?
2, 29
Suppose -b = 5*z - 30, 4*b + 0*z + 2*z = 30. Suppose b*k - 30 = -0*k. What are the prime factors of k?
2, 3
Suppose -3*z + 3*v - 3 = -6, -2*z = -3*v - 3. Suppose z*k + 16 = k. Let c = k - 10. List the prime factors of c.
2, 3
Let t = 16 + 6. List the prime factors of t.
2, 11
Let a(m) = -m**2 - 14*m - 14. Suppose 8*p + 40 = 4*p. What are the prime factors of a(p)?
2, 13
Suppose 27 = 2*a - 9. Let z = -20 + 13. Let q = a + z. What are the prime factors of q?
11
Suppose 0 = 6*s - 386 + 74. List the prime factors of s.
2, 13
Suppose -u = u - 16. Suppose 0 = -2*n + 6 + u. List the prime factors of n.
7
Suppose y - 2*k - 57 - 83 = 0, 0 = -4*k. List the prime factors of y.
2, 5, 7
Suppose -4*q + 91 = -101. List the prime factors of q.
2, 3
Let m = 13 - 5. Let t = -6 + m. What are the prime factors of t?
2
Let k = -17 - -4. Let d(g) = g**3 + 12*g**2 - 16*g + 12. What are the prime factors of d(k)?
3, 17
Suppose -4*t + 279 = -a, -2*t + 0*a + 4*a + 150 = 0. List the prime factors of t.
3, 23
Let u(q) = q**3 - 3*q**2 + 4*q - 2. Let j be u(2). Let n(s) = s**3 + 2*s - 3. Let b be n(j). Suppose -b + 1 = -4*t. What are the prime factors of t?
2
Let j be (6/1)/(-2) - -40. Let x = -18 + j. List the prime factors of x.
19
Let p(b) = -2*b + 10. Let t be p(-9). Let k = 43 - t. What are the prime factors of k?
3, 5
Let l(f) = 16*f**2 - 2*f - 2. What are the prime factors of l(-2)?
2, 3, 11
Suppose 5*w - 3*q - 271 + 97 = 0, -82 = -2*w - 5*q. What are the prime factors of w?
2, 3
List the prime factors of (-17 - 1)/((-2)/4).
2, 3
Suppose 34 = 5*c - w, -2*c + 0*w + 4*w + 28 = 0. Suppose -3*p = -5*z - 7 - 2, 0 = -2*p + 4*z + c. Suppose p*d - 32 = -d. What are the prime factors of d?
2
Let q(u) = 4*u**2 + u + 2. Let k be q(-2). Let i = 9 - 5. Suppose 5*a - k - i = 0. What are the prime factors of a?
2
Let v = 2 - -2. What are the prime factors of v?
2
Let x(z) = z**3 - 8*z**2 + 6*z + 9. Let g be x(7). Suppose 2*i + k = 3*k, -g*k = i - 6. List the prime factors of i.
2
Let b(q) = 24*q**2 + q - 2. What are the prime factors of b(2)?
2, 3
Let r(m) = -5*m + 31. What are the prime factors of r(-19)?
2, 3, 7
Suppose -a + 3*a - d = -11, -a =